{"id":7636,"date":"2024-11-06T18:50:10","date_gmt":"2024-11-06T17:50:10","guid":{"rendered":"https:\/\/wellnessmadrid.com\/shop\/?post_type=product&#038;p=7636"},"modified":"2025-09-03T11:09:29","modified_gmt":"2025-09-03T09:09:29","slug":"lyma-laser-pro","status":"publish","type":"product","link":"https:\/\/wellnessmadrid.com\/shop\/producto\/lyma-laser-pro\/","title":{"rendered":"Lyma L\u00e1ser PRO"},"content":{"rendered":"","protected":false},"excerpt":{"rendered":"<p>&nbsp;<\/p>\n<h1>L\u00e1ser LYMA PRO<\/h1>\n<p>&nbsp;<\/p>\n<p>Consigues la piel que siempre has deseado. El l\u00e1ser LYMA PRO es 3 veces m\u00e1s grande, m\u00e1s R\u00e1pido. tienen una potencia de 1450mw .El dispositivo laser m\u00e1s potente del mundo para uso dom\u00e9stico.Tecnolog\u00eda l\u00e1ser indolora de grado cl\u00ednico, dise\u00f1ada para todo tipo de piel.\u00a0 Dispositivo l\u00e1ser no ablativo y 100% seguro. Con el nuevo Lyma PRO transformaras tu rostro, cuello y todo el cuerpo.<\/p>\n<ul>\n<li>Reduce las arrugas, flacidez, celulitis, pigmentaci\u00f3n, cicatrices y mucho m\u00e1s.<\/li>\n<li>Optimizado para todo tipo de pieles<\/li>\n<li>Dise\u00f1ado por Medicos, cirujanos pl\u00e1sticos y genetistas<\/li>\n<li>Esculpe el rostro levantando p\u00f3mulos, eliminando papada, afinando el ovalo facial,<\/li>\n<li>Reduce cellulitis y tensa la piel\u00a0 sobre todo en la parte de los brazos<\/li>\n<li>Con tan solo 3 minutos diarios, resultados en semanas. Cero tiempo de inactividad. Transformaci\u00f3n total.<\/li>\n<li>Lente de tratamiento patentada de 30 cm2. 3 veces m\u00e1s grande que el Lyma 500mw.<\/li>\n<li>Inal\u00e1mbrico. F\u00e1cil de usar sobre , sobre el maquillaje o protector solar<\/li>\n<li>\u00a0El kit de inicio incluye LYMA Laser PRO, LYMA Skincare y LYMA Oxygen Mist &amp; Glide, estuche de viaje y accesorios de carga, Tarjeta de miembro \u00abThe LYMA Power Circle\u00bb con ofertas y acceso exclusivos.<\/li>\n<li>Incluye apoyo personal y soporte por el Equipo de WellSens Distribution<\/li>\n<\/ul>\n<p>&nbsp;<\/p>\n<h2>Modo de empleo<\/h2>\n<p>Utilizar el l\u00e1ser LYMA es muy sencillo:<\/p>\n<ol>\n<li>Empezamos con unas pulverizaciones del Active Mist en la zona a tratar y dejamos secar.<\/li>\n<li>Aplicamos una fina capa del serum.<\/li>\n<li>Aplicar el l\u00e1ser sobre la piel durante 3 min siguiendo el programa online. Si desea centrarse en un \u00e1rea espec\u00edfica, puede mantener el l\u00e1ser sobre esta parte durante 1 min.<\/li>\n<li>Terminar con tu rutina habitual.<\/li>\n<\/ol>\n<p>&nbsp;<\/p>\n","protected":false},"featured_media":7637,"comment_status":"open","ping_status":"closed","template":"","meta":{"_monsterinsights_skip_tracking":false,"_monsterinsights_sitenote_active":false,"_monsterinsights_sitenote_note":"","_monsterinsights_sitenote_category":0,"jetpack_post_was_ever_published":false,"jetpack_publicize_message":"","jetpack_publicize_feature_enabled":true,"jetpack_social_post_already_shared":true,"jetpack_social_options":{"image_generator_settings":{"template":"highway","enabled":false},"version":2}},"product_cat":[24],"product_tag":[],"class_list":{"0":"post-7636","1":"product","2":"type-product","3":"status-publish","4":"has-post-thumbnail","6":"product_cat-cremas-hidratante","7":"description-off","9":"first","10":"instock","11":"taxable","12":"shipping-taxable","13":"purchasable","14":"product-type-simple"},"jetpack_publicize_connections":[],"aioseo_notices":[],"jetpack_sharing_enabled":true,"_links":{"self":[{"href":"https:\/\/wellnessmadrid.com\/shop\/wp-json\/wp\/v2\/product\/7636","targetHints":{"allow":["GET"]}}],"collection":[{"href":"https:\/\/wellnessmadrid.com\/shop\/wp-json\/wp\/v2\/product"}],"about":[{"href":"https:\/\/wellnessmadrid.com\/shop\/wp-json\/wp\/v2\/types\/product"}],"replies":[{"embeddable":true,"href":"https:\/\/wellnessmadrid.com\/shop\/wp-json\/wp\/v2\/comments?post=7636"}],"wp:featuredmedia":[{"embeddable":true,"href":"https:\/\/wellnessmadrid.com\/shop\/wp-json\/wp\/v2\/media\/7637"}],"wp:attachment":[{"href":"https:\/\/wellnessmadrid.com\/shop\/wp-json\/wp\/v2\/media?parent=7636"}],"wp:term":[{"taxonomy":"product_cat","embeddable":true,"href":"https:\/\/wellnessmadrid.com\/shop\/wp-json\/wp\/v2\/product_cat?post=7636"},{"taxonomy":"product_tag","embeddable":true,"href":"https:\/\/wellnessmadrid.com\/shop\/wp-json\/wp\/v2\/product_tag?post=7636"}],"curies":[{"name":"wp","href":"https:\/\/api.w.org\/{rel}","templated":true}]}}