{"id":1600,"date":"2019-05-16T18:45:31","date_gmt":"2019-05-16T16:45:31","guid":{"rendered":"https:\/\/wellnessmadrid.com\/shop\/?page_id=1600"},"modified":"2019-11-19T19:38:50","modified_gmt":"2019-11-19T18:38:50","slug":"aviso-legal","status":"publish","type":"page","link":"https:\/\/wellnessmadrid.com\/shop\/aviso-legal\/","title":{"rendered":"Privacidad y protecci\u00f3n de Datos"},"content":{"rendered":"<p>[vc_row][vc_column][vc_column_text][\/vc_column_text][vc_column_text]<\/p>\n<div class=\"vc_row wpb_row vc_row-fluid\">\n<div class=\"container\">\n<div class=\"row\">\n<div class=\"wpb_column vc_column_container vc_col-sm-12\">\n<div class=\"vc_column-inner\">\n<div class=\"wpb_wrapper\">\n<div class=\"wpb_text_column wpb_content_element \">\n<div class=\"wpb_wrapper\">\n<p>&nbsp;<\/p>\n<\/div>\n<\/div>\n<\/div>\n<\/div>\n<\/div>\n<\/div>\n<\/div>\n<\/div>\n<div class=\"vc_row wpb_row vc_row-fluid\">\n<div class=\"container\">\n<div class=\"row\">\n<div class=\"wpb_column vc_column_container vc_col-sm-12\">\n<div class=\"vc_column-inner\">\n<div class=\"wpb_wrapper\">\n<div class=\"wpb_text_column wpb_content_element \">\n<div class=\"wpb_wrapper\">\n<h1>Protecci\u00f3n de Datos de Car\u00e1cter Personal<\/h1>\n<\/div>\n<\/div>\n<\/div>\n<\/div>\n<\/div>\n<\/div>\n<\/div>\n<\/div>\n<div class=\"vc_row wpb_row vc_row-fluid\">\n<div class=\"container\">\n<div class=\"row\">\n<div class=\"wpb_column vc_column_container vc_col-sm-12\">\n<div class=\"vc_column-inner\">\n<div class=\"wpb_wrapper\">\n<div class=\"wpb_text_column wpb_content_element \">\n<div class=\"wpb_wrapper\">\n<p>&nbsp;<\/p>\n<p><strong>\u00a0<\/strong><\/p>\n<table width=\"494\">\n<tbody>\n<tr>\n<td width=\"119\">&nbsp;<\/p>\n<p>&nbsp;<\/td>\n<td width=\"375\">&nbsp;<\/p>\n<p>INFORMACI\u00d3N B\u00c1SICA SOBRE PROTECCI\u00d3N DE DATOS<\/p>\n<p>&nbsp;<\/td>\n<\/tr>\n<tr>\n<td width=\"119\">&nbsp;<\/p>\n<p>RESPONSABLE<\/td>\n<td width=\"375\">Raz\u00f3n social: WELLNESS BOUTIQUE\u00a0 M&amp;R, S.L<\/p>\n<p>CIF: B93451243<\/p>\n<p>Domicilio: C\/ CAMPOAMOR, 5, LOCAL &#8211; 28004 MADRID<\/p>\n<p>Tel\u00e9fono: 917373595<\/p>\n<p>Correo electr\u00f3nico: R.LAQUIEZE@WELLNESSMADRID.COM<\/td>\n<\/tr>\n<tr>\n<td width=\"119\">&nbsp;<\/p>\n<p>FINALIDAD<\/td>\n<td width=\"375\">&nbsp;<\/p>\n<p>Gesti\u00f3n de los usuarios del sitio web<\/p>\n<p>&nbsp;<\/td>\n<\/tr>\n<tr>\n<td width=\"119\">&nbsp;<\/p>\n<p>LEGITIMACI\u00d3N<\/p>\n<p>&nbsp;<\/td>\n<td width=\"375\">&nbsp;<\/p>\n<p>Consentimiento del interesado.<\/p>\n<p>&nbsp;<\/td>\n<\/tr>\n<tr>\n<td width=\"119\">&nbsp;<\/p>\n<p>PLAZO DURANTE EL CUAL SE CONSERVAN LOS DATOS PERSONALES<\/td>\n<td width=\"375\">&nbsp;<\/p>\n<p>Los datos personales que nos proporciones ser\u00e1n conservados de informa indefinida a no ser que usted nos indique lo contrario solicitando la revocaci\u00f3n del consentimiento o el ejercicio de derecho de cancelaci\u00f3n, supresi\u00f3n u oposici\u00f3n. Adicionalmente siempre podr\u00e1 ejercitar los derechos que le reconoce la normativa vigente poni\u00e9ndose en contacto a trav\u00e9s de la v\u00eda que le sea m\u00e1s c\u00f3moda. Sin embargo de forma peri\u00f3dica revisaremos nuestros sistemas para proceder a eliminar aquellos datos que no sean legalmente necesarios.<\/p>\n<p>&nbsp;<\/td>\n<\/tr>\n<tr>\n<td width=\"119\">&nbsp;<\/p>\n<p>EJERCICIO DE SUS DERECHOS<\/td>\n<td width=\"375\">&nbsp;<\/p>\n<p>Puede acceder, rectificar y suprimir sus datos, portabilidad de los datos, limitaci\u00f3n u oposici\u00f3n a su tratamiento, derecho a no ser objeto de decisiones automatizadas, as\u00ed como a obtener informaci\u00f3n clara y transparente sobre el tratamiento de sus datos, tal como se explica en la informaci\u00f3n adicional.<\/p>\n<p>&nbsp;<\/td>\n<\/tr>\n<tr>\n<td width=\"119\">&nbsp;<\/p>\n<p>DESTINATARIOS DE SUS DATOS<\/p>\n<p>&nbsp;<\/td>\n<td width=\"375\"><em>\u00a0<\/em><\/p>\n<p>No se ceder\u00e1n datos a terceros, salvo obligaci\u00f3n legal.<\/p>\n<p>&nbsp;<\/td>\n<\/tr>\n<tr>\n<td width=\"119\">&nbsp;<\/p>\n<p>NEGATIVA OTORGAR EL CONSENTIMIENTO<\/p>\n<p>&nbsp;<\/td>\n<td width=\"375\">&nbsp;<\/p>\n<p>El hecho de que no introduzcas los datos que aparecen marcados como obligatorios en el formulario tendr\u00e1 como consecuencia la no atenci\u00f3n de su solicitud.<\/td>\n<\/tr>\n<tr>\n<td width=\"119\">&nbsp;<\/p>\n<p>DERECHO A PRESENTAR RECLAMACI\u00d3N ANTE LA AUTORIDAD DE CONTROL<\/td>\n<td width=\"375\">&nbsp;<\/p>\n<p>Desde WELLNESS BOUTIQUE\u00a0 M&amp;R, S.L ponemos el m\u00e1ximo empe\u00f1o para cumplir con la normativa de protecci\u00f3n de datos dado que es el activo m\u00e1s valioso para nosotros. No obstante, le informamos que en caso de que usted entienda que sus derechos se han visto menoscabados, puede presentar una reclamaci\u00f3n ante la Agencia Espa\u00f1ola de Protecci\u00f3n de Datos (AEPD).<\/td>\n<\/tr>\n<tr>\n<td width=\"119\">&nbsp;<\/p>\n<p>INFORMACI\u00d3N ADICIONAL<a href=\"#_ftn1\" name=\"_ftnref1\">[1]<\/a><\/td>\n<td width=\"375\">&nbsp;<\/p>\n<p>Puede consultar la informaci\u00f3n adicional y detallada sobre protecci\u00f3n de Datos en nuestra p\u00e1gina web: WWW.WELLNESSMADRID.COM<\/p>\n<p>&nbsp;<\/td>\n<\/tr>\n<\/tbody>\n<\/table>\n<p><strong>\u00a0<\/strong><\/p>\n<p><strong>\u00a0<\/strong><\/p>\n<p><strong>\u25a1<\/strong><strong> Acepto recibir informaci\u00f3n comercial sobre las ofertas y\u00a0 promociones de la empresa, as\u00ed como la <em>newsletter<a href=\"#_ftn2\" name=\"_ftnref2\">[2]<\/a><\/em> de la empresa <\/strong>WELLNESS BOUTIQUE\u00a0 M&amp;R, S.L <strong>relacionadas con tratamientos y ofertas promocionales<\/strong><\/p>\n<p><a href=\"#_ftnref1\" name=\"_ftn1\">[1]<\/a> En caso de que el ciudadano desee m\u00e1s informaci\u00f3n deber\u00e1 poder acceder a esta segunda capa\u00a0 informativa. Lo m\u00e1s com\u00fan es hacerlo\u00a0 enlazando esta informaci\u00f3n a la p\u00e1gina web.<\/p>\n<p>&nbsp;<\/p>\n<p><a href=\"#_ftnref2\" name=\"_ftn2\">[2]<\/a> Eliminar si no se va a mandar ning\u00fan tipo de <em>newsletter<\/em>.<\/p>\n<p>El usuario podr\u00e1, en todo momento, ejercitar los derechos reconocidos en la LOPD, de acceso, rectificaci\u00f3n, cancelaci\u00f3n y oposici\u00f3n.<\/p>\n<\/div>\n<\/div>\n<\/div>\n<\/div>\n<\/div>\n<\/div>\n<\/div>\n<\/div>\n<p>[\/vc_column_text][\/vc_column][\/vc_row]<\/p>\n","protected":false},"excerpt":{"rendered":"<p>[vc_row][vc_column][vc_column_text][\/vc_column_text][vc_column_text] &nbsp; Protecci\u00f3n de Datos de Car\u00e1cter Personal &nbsp; \u00a0 &nbsp; &nbsp; &nbsp; INFORMACI\u00d3N B\u00c1SICA SOBRE PROTECCI\u00d3N DE DATOS &nbsp; &nbsp; RESPONSABLE Raz\u00f3n social: WELLNESS BOUTIQUE\u00a0 M&amp;R, S.L CIF: B93451243 Domicilio: C\/ CAMPOAMOR, 5, LOCAL &#8211; 28004 MADRID Tel\u00e9fono: 917373595 Correo electr\u00f3nico: R.LAQUIEZE@WELLNESSMADRID.COM &nbsp; FINALIDAD &nbsp; Gesti\u00f3n de los usuarios del sitio web &nbsp; &nbsp;&hellip;<\/p>\n","protected":false},"author":1,"featured_media":0,"parent":0,"menu_order":0,"comment_status":"closed","ping_status":"closed","template":"","meta":{"_monsterinsights_skip_tracking":false,"_monsterinsights_sitenote_active":false,"_monsterinsights_sitenote_note":"","_monsterinsights_sitenote_category":0,"jetpack_post_was_ever_published":false,"footnotes":""},"class_list":["post-1600","page","type-page","status-publish","hentry","description-off"],"aioseo_notices":[],"jetpack_sharing_enabled":true,"jetpack_shortlink":"https:\/\/wp.me\/PaX9Ox-pO","_links":{"self":[{"href":"https:\/\/wellnessmadrid.com\/shop\/wp-json\/wp\/v2\/pages\/1600","targetHints":{"allow":["GET"]}}],"collection":[{"href":"https:\/\/wellnessmadrid.com\/shop\/wp-json\/wp\/v2\/pages"}],"about":[{"href":"https:\/\/wellnessmadrid.com\/shop\/wp-json\/wp\/v2\/types\/page"}],"author":[{"embeddable":true,"href":"https:\/\/wellnessmadrid.com\/shop\/wp-json\/wp\/v2\/users\/1"}],"replies":[{"embeddable":true,"href":"https:\/\/wellnessmadrid.com\/shop\/wp-json\/wp\/v2\/comments?post=1600"}],"version-history":[{"count":8,"href":"https:\/\/wellnessmadrid.com\/shop\/wp-json\/wp\/v2\/pages\/1600\/revisions"}],"predecessor-version":[{"id":2372,"href":"https:\/\/wellnessmadrid.com\/shop\/wp-json\/wp\/v2\/pages\/1600\/revisions\/2372"}],"wp:attachment":[{"href":"https:\/\/wellnessmadrid.com\/shop\/wp-json\/wp\/v2\/media?parent=1600"}],"curies":[{"name":"wp","href":"https:\/\/api.w.org\/{rel}","templated":true}]}}